he hundreds digit of s?
1
Let f = 68 - 75. Let b be (f/2)/(-3*5/90). What is the units digit of (-40)/12*b*-3?
0
Let w(k) = -54*k**2 - 9*k + 3. Let j(i) = 217*i**2 + 38*i - 13. Let v(a) = -6*j(a) - 26*w(a). What is the hundreds digit of v(2)?
4
Suppose 0 = 11*p + 25*p - 11*p - 757475. What is the tens digit of p?
9
Let v be -4*(8 + 210/(-24)). Suppose 3*q - 4*x = 1332, q - 451 + 12 = v*x. What is the hundreds digit of q?
4
Let h(g) = 2*g**3 + 17*g**2 + 33. Let o be h(-8). Suppose 0 = -5*f + 248 + o. What is the units digit of f?
9
Let w(d) = 31*d**3 - 3*d**2 + d + 2. Let v(x) = -x**3 - x**2 + x. Let q(r) = v(r) - w(r). Let i be q(-3). What is the units digit of ((-6)/(-4))/(22/i)?
0
Suppose c - 7019 = -4*j, -4*c + 22*j + 28202 = 20*j. What is the thousands digit of c?
7
Suppose 0 = 40*k - 56*k + 80. Suppose -165 - 1039 = -o + 3*a, -k*o = 4*a - 5963. What is the hundreds digit of o?
1
Let m = -3700 + 7334. Let g = m - 2321. What is the tens digit of g?
1
Let w(i) = -14*i - 33*i + 10*i - 26 + 6. Let p be w(-8). Suppose -5*n - p = -8*n. What is the tens digit of n?
9
Let b(t) = 249*t + 6001. What is the hundreds digit of b(-19)?
2
What is the thousands digit of 2 + ((-3)/(21/(-56)) - -46265)?
6
Let j(h) = h**2 - 10*h - 17. Suppose 7*d - 8*d + 14 = 0. Let l = 2 + d. What is the units digit of j(l)?
9
Suppose 2*b = -3*b - 20. Let h be (10/b)/((-9)/846). Let m = h - 144. What is the tens digit of m?
9
Let i(a) = 6*a**2 + 4*a + 25. Let z be i(6). Suppose 2*m - 184 = -3*w + 203, -m = -2*w + z. What is the hundreds digit of w?
1
Suppose -3*t + 24760 = -10*r + 11*r, 2*t = -2*r + 49500. What is the ten thousands digit of r?
2
Let q(w) = w**2 + 14*w - 23. Let u be q(-18). Suppose -b + u = -1325. What is the units digit of b?
4
Let t be 112 - -3 - (-2 - -2)/1. Let w = t - 22. Suppose 4*m + w = j - 121, -2*m - 222 = -j. What is the units digit of j?
0
Let v = 60 - 56. Let j be v + -2 + -4 + 8/2. Suppose 0 = 5*o + 5*y - 65, j = o + 4*y - 2. What is the units digit of o?
6
Let l = 219 + -219. Suppose l = -h - 15 + 79. What is the units digit of h?
4
Let l = -120 + 96. Let g be (l/(-9))/(((-8)/3)/(-4)). Suppose -k - 3*k + 3*w + 899 = 0, k + g*w = 239. What is the hundreds digit of k?
2
Suppose -r + v + 66 = -316, 4*r + v = 1503. Let m = r + -303. What is the tens digit of m?
7
Suppose -43530 = -3*z + 5*g, -19731 = -2*z + 3*g + 9289. Suppose 98*t - z = 88*t. What is the tens digit of t?
5
Suppose -3*a - 459 - 96 = 0. Let z = a - -304. What is the units digit of z?
9
Let k(n) be the third derivative of n**6/120 + 11*n**5/60 - 7*n**4/12 - 10*n**3/3 + 50*n**2. Let f be k(-12). What is the units digit of (5/10)/1 - (-1002)/f?
1
Let k be 32/(-8) + 188*19. Suppose 4780 = 4*z - 3*j, 4*z - z - k = -2*j. Suppose -z = -8*r - 272. What is the units digit of r?
5
Let y(i) = 3*i**3 - i**2 - 25*i + 25. Let v(z) = -z**3 - 17*z**2 - 28*z + 37. Let b be v(-15). What is the hundreds digit of y(b)?
8
Let t be 0/((-2)/(6/3)). Suppose 0 = -3*h + 5*w + 879, t*h = -2*h - 5*w + 561. What is the tens digit of h?
8
Let c(s) be the second derivative of 5*s**3/3 - 19*s**2 + 15*s. What is the units digit of c(18)?
2
Suppose -q + 8542 = 4*m, -2*q - m - 4*m = -17099. What is the hundreds digit of q?
5
Suppose 142*t + 43636 = 146*t. What is the ten thousands digit of t?
1
Suppose 2*q - 5*r = -5 - 1, q + 3*r = 8. Suppose -9 = -q*z - c, 2*c = 3*z + c - 21. Let v = z + 101. What is the tens digit of v?
0
Let a = -13128 + 23096. Suppose -a = -7*m - 21*m. What is the hundreds digit of m?
3
Let s(x) = -2*x**2 + 3*x - 9. Let t(n) = -n**2 + n - 1. Let b(g) = -s(g) - 6*t(g). What is the tens digit of b(3)?
6
Let h(c) = -c**3 - 13*c**2 - 7*c - 21. Suppose -15 - 14 = s + 3*w, -3*w = -s + 1. Let d be h(s). Suppose d - 53 = i. What is the units digit of i?
0
Let m(x) = 383*x**3 - 4*x**2 + 1. Let v be m(1). Suppose v = 2*r - 5*c, -4*c + 9*c = 0. What is the tens digit of r?
9
Suppose 0 = 4*u + 12, -2*c + 24916 = 779*u - 783*u. What is the thousands digit of c?
2
Let u(i) = 118*i**2 - 33*i + 6. What is the units digit of u(-3)?
7
Suppose 0*f + 2*f = 2. Let s be -1*4/f + -3. What is the units digit of s/(-35) - 552/(-15)?
7
Suppose -13*l = -18*l + 30. What is the tens digit of ((-706)/(-6) - l/(-18))*7?
2
Let m = -38510 + 56742. What is the units digit of m?
2
Let y(b) = 3*b**3 - 3*b**2 + 3*b + 36. Suppose 9*a - 5 = 49. What is the tens digit of y(a)?
9
Suppose 0 = 5*q, -5*t + 0*q - 4*q + 2670 = 0. What is the hundreds digit of 7/((-70)/(-8))*(t + 1)?
4
Let p(b) be the first derivative of -b**4/4 + 14*b**3/3 + 13*b**2/2 + 32*b + 44. What is the units digit of p(13)?
0
Let t = 223 - 355. What is the hundreds digit of 11/(t/(-24))*(1 - -545)?
0
Let w(x) = -x**3 - 101*x - 1127. What is the ten thousands digit of w(-22)?
1
Let q be 278 + (-1 - (-12)/4). Let d = -189 + q. Suppose -465 = -5*w - 5*c, w - c - 4 = d. What is the tens digit of w?
9
Let z(d) = 22*d**2 - 137*d - 465. What is the units digit of z(-6)?
9
Let l = -15 - -14. Let y be ((-11)/22)/(l/76). Suppose b + 5*t + 62 = 4*b, 2*b = 4*t + y. What is the tens digit of b?
2
Suppose 5*z = 5*t + 42580, -4*z + 51835 = t + 17736. What is the units digit of z?
3
Suppose 11 = 5*t - 3*a + 5*a, -5*t + 3*a = -21. Suppose -41*g = t*y - 45*g - 1282, -g + 1722 = 4*y. What is the tens digit of y?
3
Suppose 5*p = -4*v + 68452, -13700 = -31*p + 30*p - 4*v. What is the units digit of p?
8
Suppose -23*x - 10*x - 8*x = -1900268. What is the units digit of x?
8
Let l(t) = 7*t**3 - 4*t**2 - 6*t + 8. Let h(k) = k**3 - k**2 - k + 1. Let x(w) = 6*h(w) - l(w). Let f be x(-4). What is the units digit of 27/4*80/f?
8
Let p = 25 - 23. Let c be (-5)/p*(-72)/90. Suppose 0*m - 4*m - 106 = -2*y, 0 = c*m. What is the tens digit of y?
5
Let f(a) = -a**3 - 2*a**2 + 19*a + 26488. What is the hundreds digit of f(0)?
4
Suppose 15 = 3*w - 3, -3*q - 3*w + 351 = 0. What is the tens digit of q?
1
Suppose -m + y + 5 = 2*y, 2*m = 4*y - 2. Suppose m*z - 213 = -3*n, -335 = -5*n - 12*z + 17*z. What is the tens digit of n?
6
Let w = 4521 + 7327. What is the hundreds digit of w?
8
What is the ten thousands digit of 60*((-203522)/(-792) + 2/(-9)) - -7?
1
What is the thousands digit of ((-6)/9)/(492428/(-98484) - -5)?
8
Let l be 4/(-14) + 80/35. Suppose 12 = -l*g + 6*g. Suppose 0 = -0*m + g*m - 3. What is the units digit of m?
1
Let k be (-5 - -9) + (939 - 1). Let v = k - 529. What is the hundreds digit of v?
4
Suppose -2*y - 64 = -22. Let u(f) = 101 - 46 + 0*f**2 - 84 + 52*f + 3*f**2. What is the units digit of u(y)?
2
What is the hundreds digit of (31 - 10) + 82412 + -23?
4
Let h(k) = 82292*k - 1685. What is the hundreds digit of h(1)?
6
Let j(m) = 765*m - 647. What is the units digit of j(15)?
8
Let k = 79545 - 40778. What is the units digit of k?
7
Let p be (4 - 7) + (7 - (-6 + -2)). Suppose 0 = -2*j - p*j + 20818. What is the hundreds digit of j?
4
Let t(z) = 180*z**3 - 13*z**2 + 51*z + 32. What is the thousands digit of t(4)?
1
Let c(b) = -3*b + 6*b**2 + 2*b**2 - 2*b**2 - 3 - b**2. Let t be c(-1). Suppose -3*d = t*a - 760, 0*a = 3*d + 3*a - 768. What is the hundreds digit of d?
2
Suppose -6*k = 252 - 54. Let r = k + 35. Suppose -5*l = -r*a - 74, 5*l - 78 = 3*a - 2. What is the tens digit of l?
1
Let k(v) be the third derivative of 3*v**4/2 + 58*v**3/3 + 3*v**2 - 12*v. What is the hundreds digit of k(17)?
7
What is the tens digit of ((-5580)/(-14))/(-9 + 15 + 834/(-140))?
0
Suppose -3*o - 73 + 88 = 0. Suppose 141 = o*n + 4*v - 1972, -2*n - 5*v + 835 = 0. What is the tens digit of n?
2
Suppose 0 = -12*m + 4*m - 48. Let r = 30 + m. What is the units digit of r?
4
Let l = -16887 + 32580. What is the ten thousands digit of l?
1
Let k(p) = 6*p - 69. Let z be k(12). Suppose u = 7*y - 2*y - 2022, 6 = -z*u. What is the tens digit of y?
0
Let y = -9365 + 29108. What is the hundreds digit of y?
7
Let b = 331 + -326. Suppose 2*r + 944 = k, 11 = 4*r - b. What is the units digit of k?
2
Let u = 157 + 257. Let c be (-4)/(-1 + 9)*0. Suppose c = 4*j - 6*j + u. What is the units digit of j?
7
What is the thousands digit of (-6)/(-20) - (-8)/((-1360)/(-305099))?
1
Suppose 0 = -43*u - 566 + 178033 + 123361. What is the tens digit of u?
9
Let y(w) be the third derivative of 11/30*w**5 - 1/120*w**6 + 13/12*w**4 + 0*